- 6) + 6 - (26 + 50 + 51)
-120
Evaluate 0 + 0 - (4 + -6) - (121 - 118).
-1
What is (-68 - (-2 + 2) - (2627 + -2642)) + -5 + 1?
-57
(-3 - 7) + 2 + 23 + (9 - -4)
28
Calculate -31 + 2 + (31 - (28 + -7)).
-19
Calculate 20 - 5 - (-68 - (53 + -36 + (-34 - -1))).
67
0 + -6 + (-10 - 35)
-51
What is the value of 79 + (-40 - -55) + -72?
22
What is the value of 6 + 3 + 2 + 3 - -5 - 11?
8
(-1 - (-1 - 5)) + -65 + 75
15
What is 65 - (6 + -30 - 16)?
105
What is the value of 45 - 32 - (-1 - (8 + -6)) - -9?
25
Calculate 33 - 56 - (-4 + 3 + (-5 - -2 - 0)).
-19
Calculate 26 - (123 - (-43 - -116)).
-24
What is 69 + -59 - (2 + 6) - (-33 - (0 + 1))?
36
(-20 - (46 - 113)) + -45
2
What is -1 - -23 - (-37 + 48 + -39)?
50
Calculate 76 + -23 + -55 - 31.
-33
Evaluate 46 - ((-58 - -90) + 58).
-44
Calculate 356 - 345 - (70 + 0) - (1 + -10).
-50
-58 + (68 - -25) - (1 + -1)
35
(-10 + 6 - -5) + (-53 - -49) + 6 + 61
64
Calculate 23 + 3 + 8 + -28.
6
Calculate -62 + -53 - (-17 - 192).
94
Calculate -3800 + 3812 + 11 + (1 - (-1 - -2) - 0).
23
45065 + -45005 + (1 - 12 - (-1 + 2))
48
Evaluate -64 - 0 - (-50 + 70 + -28 + 30).
-86
Evaluate 9 - 29 - 30 - -24.
-26
Evaluate -56 + 22 + 14 - (-6 - 3) - 38.
-49
What is -48 + -13 - -119 - 9?
49
(0 - 55) + 22 + 158 - 11
114
What is the value of -6 + 65 + -14 - (-4 - (-19 + 7))?
37
Calculate -3 + (0 - -4 - 2) - (11381 + -11418).
36
What is -21 - (1 - (-53 + 90))?
15
Evaluate -2732 - -2784 - (0 + -2).
54
(-10 - 0) + 5 - (311 - 307) - 9
-18
What is -22 - (24 + (-18 - 10) - 61)?
43
-105 - (-117 + (74 - 12))
-50
What is (-1 - -5) + -1 + 36 + -11 + -38 - 22?
-32
What is the value of (-7 - 30) + 702 + -627?
38
What is (-1 - 13) + (25 - -1 - (67 + -10 - 43))?
-2
What is the value of (76 - 1) + (8508 - 8494)?
89
108 + (-53 + 99 - 38)
116
Calculate -17 + -43 + 93 + -20.
13
Evaluate 0 + 26 - (188 - (287 + -138)) - (7 - -1).
-21
Evaluate -2 + -10 + 11 + 13 + (-44 - 3).
-35
(-2 - (27 + 0)) + (-10 - (1 + -9)) + 6
-25
Calculate 21 + (-71 - -33) - (37 + -4).
-50
Evaluate (-32 + -22 - -20) + 15 - 14.
-33
What is the value of -28 - (-66 - (-15 + -37))?
-14
Evaluate 26 - 25 - (148 + (-66 - -65)).
-146
Calculate (-410 - -410) + (10 - (0 + 0)).
10
What is -1 - (-4 + (3 - 13) - (-22 - -113))?
104
10 - 0 - (8 - (-13 + (-15 + -28 - 14)))
-68
(-1 + 2 - (-106 - -87)) + -22
-2
(2 - 0) + (-26 + 69 - (5 + 5))
35
What is -234 - -225 - ((-1 - 3) + -43)?
38
What is the value of -14 + 6 + 8 + -6 + -7 + -8?
-21
What is the value of (27 - -1) + (22 - 122) + 37?
-35
Calculate (4 + -2 + 4 - 3) + 117 + -128.
-8
What is (-72 - -49) + (-2 - -9) + (5 - 11)?
-22
Evaluate (-12 - 1) + 16 + 27 + -50.
-20
Calculate 1 + 5 + -33 - (256 - 251).
-32
Evaluate (-18 + 3 - 0 - -34) + 2.
21
What is -3 - ((-2 - -1) + 2) - (1 + 16 + 35)?
-56
What is the value of 11234 + -11215 + (-41 - (0 - -2))?
-24
Evaluate -48 + (3 + -17 + (24 - 15) - -2).
-51
Calculate -27 + 10 + -17 - (-56 + 39).
-17
What is the value of (-133 - 1) + (-434 - -336) + 142?
-90
Evaluate (0 - 1) + 49 + 4 - (-784 - -763).
73
-70 - (-13 - 32) - 9
-34
Evaluate 16 - (-35 - -6 - -46).
-1
Calculate 18 + 1 - (4543 + -4542).
18
What is the value of 8 - (510 + -560 + -1 + 0)?
59
(2 + -34 + 3 - (37 + -41)) + 0
-25
What is (0 - -5 - (-11 - -12)) + -11 - (9 + -17)?
1
114 + (-115 - 91) + 106
14
-10 + 38 + 9 + -18 + 2
21
-27 - -14 - -90 - (7 - -1)
69
What is -15 + 8 - ((-13 - -51) + -11)?
-34
What is (10 - (7 - (-14 + 8))) + 19 - 124?
-108
What is the value of -1 + -1 + (6 - 1 - (590 + -577))?
-10
Evaluate (-13 - -12) + 1 + 3 + (-19 - -6).
-10
Evaluate -57 + 2 + -38 + 322 + -284.
-55
Evaluate -14 + 6 + 14 + -7 + 0 - -3.
2
What is the value of -43 - -47 - (-1 + -6 + (2 + -8 - -92))?
-75
(-40 - -80 - 28) + (-1 - 2) + 0 + -12
-3
What is the value of 54 + (-17 - 45) + 54?
46
Calculate -8 + 5 + (0 - 1) + (6 - -13) + -1.
14
1 + -22 + 1214 + -1246
-53
Evaluate -1285 + 1261 + (-1 - -25).
0
Evaluate 715 - 707 - (0 - -42).
-34
73 - (27 + -62 + 73)
35
Evaluate 60 + (11 + (-4 - 21) - 7).
39
What is the value of -1 + 77 + -16 + (29 - (13 + 4))?
72
Evaluate 45 + 4 + -19 + 5 + -11.
24
Evaluate -25 + -3 + (7 - 14).
-35
What is (-58 - -57) + -42 - 4?
-47
Evaluate 7 - (22 - (103 - 44)) - 132.
-88
What is the value of -9 + -21 - -53 - 50?
-27
What is the value of 18 - 17 - -22 - 98 - -28?
-47
What is the value of -26 + -61 - -93 - -75?
81
2 + 0 + -2 + 284 + -312
-28
178 - 183 - (-3 + (-2 - (-5 - -4)))
-1
Evaluate 224 + -216 - (-2 + 14 + -4) - -16.
16
Calculate -30 + 39 - (46 + 5 + -5 - (-1 + -1)).
-39
What is the value of -3 + 2 + -17 - (31 + 46 + -85)?
-10
Calculate (8 + -9 - 5) + -54 + (151 - 159).
-68
Evaluate -57 + (99 - -49) + 1 + 12 + -4.
100
Evaluate -1 + 4 + -15 - (-15 + (-31 - 73)).
107
3 + (42 - (52 + -3)) - (-1 - -41)
-44
What is the value of 13 - ((-4 - (29 + -58)) + -2) - (71 + 0)?
-81
What is (-93 - -1) + (171 + -358 - -191)?
-88
Calculate 156 - 15 - (100 - -99).
-58
Calculate (21 - 0 - (2 - (20 - 14) - 0)) + -4.
21
Evaluate -165 - -100 - (3 - 28).
-40
What is the value of 6 + -4 + -6 + 11 + (-90 - 5)?
-88
-43 + 2 - (-1 + -14 + -1 + 14)
-39
Calculate (1 + 3 - -18) + (-908 - -917).
31
Calculate (-13 - -57 - 33) + (10 - 4).
17
What is 0 + -16 + -33 + 0 + (9 - 2)?
-42
10 + 0 + (574 - 589) + -5
-10
-24 - -40 - (-1 + (-7 - -5) + -4)
23
What is -8 - 0 - (367 - 388) - (0 - -5)?
8
4 + 27 + -7 + -28 + -6
-10
Evaluate (7 - 27 - -8) + 17.
5
What is (22 - 9 - 2) + (-5 + 6 - -19)?
31
Calculate 6 + 49 + 35 + -29 + (-6 - -5 - 10).
50
What is (19 - (26 - (-12 + 10 + 10))) + -5?
-4
Calculate 11 - 2 - (7 - -3) - (42 - (-3 - -2)).
-44
Evaluate 13 + (-28 + 9 - -54) + -14.
34
Evaluate 48 + 1 + (-981 - -935).
3
-27 + 2 + (-5256 - -5308)
27
94 + (21 - ((92 - 41) + 9))
55
Evaluate -68 + 56 + -49 + 92.
31
Calculate 0 - (26 + -2) - (15 + (20 - 31)) - 11.
-39
Evaluate 1 - (-2 - ((4 - -3) + -4)) - (-34 - -93).
-53
What is the value of -8 + 0 + 85 + -84 + -51 + (6 - 8)?
-60
Evaluate -8 + 0 + -66 + 74.
0
Calculate 441 - 420 - ((-4 - 0) + -14 + 10).
29
-466 - -468 - (4 + 6 + -2 + 67)
-73
What is the value of -60 - ((-132 - -77) + 67)?
-72
What is -19 - (1 - 5) - (-149 + 19 + -14 + 24)?
105
Evaluate (-297 + 153 - -170) + (9 - (-3 + 1)).
37
What is 40 + -2 + (-38 - -27 - -13) + 7?
47
What is the value of (-7 - 2 - -4) + -36 + (4 - 15 - -18)?
-34
What is the value of -1 + (46 - 70) - -25?
0
What is -28 - -18 - (185 + -166)?
-29
Calculate -49 + 33 + 9 + -1 - (16 + (-53 - 8)).
37
What is 1 + (18 - 11) + -3 + (1 - -1)?
7
Calculate -14 + (5 + -9 - (33 + -43) - -60).
52
Evaluate 12 + -66 + (-3 - (-10 - 3)) - 15.
-59
Calculate (61 - (-2 + -1)) + (-553 - -544).
55
What is the value of 23 + -41 + -24 - -1?
-41
What is 5 + -5 + 43 - (56 - 34) - -74?
95
183 + -118 - (19 - -128)
-82
Evaluate (1 - 11 - -9) + -1 - (-27 + 11 + 8).
6
Evaluate 8 - (-14 - (-66 + 8 + -3)) - -18.
-21
What is (19 - (-4 - -5)) + 4 + 9?
31
What is 1 + -73 + (32 - (-9 - (18 - (23 + 24))))?
-60
-3 + 2 + -84 - (-947 - -917)
-55
Calculate -4 + 42 + -8 + (10 - 14) + 7.
33
-43 + -53 + 82 + 51
37
-3 - 4 - (29 - ((3 - 12) + 12))
-33
What is 1 + -48 + (-6 - -4) + (0 - -2 - -7)?
-40
What is the value of -9 - (-33 + 2 - (210 - 214))?
18
What is the value of (291 - 96 - 111) + (-4 + 2 - 10) + 0?
72
8 - ((-25 - (8 - 14)) + 10 + 2)
15
What is the value of (30 + (-55 - -37) - 53) + -20?
-61
What is the value of 111 - (-3 - -9) - ((-295 - -293) + (-10 - -1))?
116
Calculate -32 + 19 + -31 + 62 + -3 + 106.
121
(47 + -10 - 15) + -9 + 4 + (-35 - -31)
13
What is the value of 1 + 35 + (15 - 40) + -85?
-74
Evaluate 102 - 4 - (-541 - -600).
39
Calculate 40 + -37 + -2 - (-2 - (22 + 0)).
25
Evaluate -57 + 128 + 14 + -31.
54
What is -851 + 835 + 5 + -33 + -7?
-51
(-16 - (-7 - (0 + 4))) + -44 + -5 + -2
-56
What is the value of -76 + 24 + -20 + 64?
-8
What is -147 + (106 - -32) + (41 - -1)?
33
96 - ((130 - 62) + 53)
-25
Calculate -5 + (6 + -55 - -38).
-16
(1475 - 1603) + 213 + 2
87
Evaluate -12 + (-77 - -123) - 99.
-65
What is the value of 3 - (25 - 29) - (-1 + -46) - -6?
60
What is the value of -29 + (-71 - (-24 - (-9 + 7)))?
-78
What is 17 + -6 + -9 + (-3 - -2 - -5) + -1?
5
What is the value of -28 - (-14 + -1 - 7 - -8) - -17?
3
What is -249 + 270 + -4 + 2 + -5 + (4 - 0)?
18
What is the value of (-98 - 25) + 31 - (83 - 117)?
-58
Calculate (13